2) + (4 - 2 - 6).
-10
Calculate -5 - (-11 - (-6 - -8 - 6)) - 6.
-4
Evaluate -14 + 20 + -18 + 17.
5
Evaluate (3 - ((6 - 4) + -3 - -6)) + -12.
-14
Calculate (5 - 20) + 14 - (-2 + 8).
-7
Calculate -15 + 25 - (-45 - -38).
17
Calculate (40 - -17) + -36 - 20.
1
12 - (-28 - -23) - -14
31
What is (55 - 46) + (5 - 2) + 3?
15
Evaluate -9 + (-42 - -40 - (-2 - -14)).
-23
Calculate 14 - (8 - -13 - 15).
8
What is the value of -23 + (-12 - -2) + (5 + -5 - -9)?
-24
Calculate -17 + 0 - (28 + 5 + -42).
-8
Evaluate 33 - 22 - (-4 - -3).
12
What is -22 - (2 + -1 + (-25 - -9))?
-7
3 + (11 - 17) + 2
-1
-5 + -10 - (19 - 22 - 2)
-10
Evaluate (-9 - 0 - (-1 - -3)) + 16.
5
Calculate 3 + -17 + (85 - 69 - (-2 - -12)).
-8
Calculate 2 - 13 - (-14 + (1 - -19)).
-17
(0 - 19) + 18 + -11
-12
What is -14 - (-44 + 81 + -44)?
-7
Calculate (-223 - -215) + 2 + 4.
-2
What is 21 - 5 - (-2 + 2 + 1 + -2)?
17
Evaluate 8 - (13 + -6 - -9).
-8
13 - ((8 + -9 - -10) + -10)
14
What is the value of 3 + 3 + -9 + (-4 - -13)?
6
Calculate -18 - (-12 + -12 + 9).
-3
What is the value of -4 - 0 - ((-5 + -8 - 4) + 1)?
12
-13 + (-22 - -32 - 3)
-6
(-2 - -2) + -31 + 22 + 28
19
(1 - 5) + (-12 - -23) + 6 + 0
13
What is -1 - -17 - (-1 + 10)?
7
What is 2 + -5 + (12 - (20 - 12)) + -4?
-3
What is 44 - 8 - (197 + -185)?
24
Calculate -78 + 71 + (2 - 1) + -1 - -4.
-3
Calculate 6 + -8 + 3 + (6 - 1).
6
What is the value of 12 + (8 - -4 - (37 + -20))?
7
What is 28 + -56 + 36 + -18 + 2?
-8
Calculate (17 - 3) + -15 + 20.
19
-9 + 11 + -2 + -8 + 5 - -34
31
What is (2 - -21) + -20 - (1 - -5)?
-3
Evaluate -43 - -54 - (1 - -3 - -5).
2
Evaluate 8 + -6 + -1 + 5.
6
What is -26 - (-10 - (-18 + 7 - (8 + 2)))?
-37
What is the value of 1 - 6 - (271 + -285)?
9
What is the value of 5 - 1 - (37 - 37)?
4
(22 - (-18 - -65)) + 13
-12
Calculate 24 + (-10 - (0 + 22)) - (-1 - -9).
-16
What is 7 - (7 - 4) - 6?
-2
Calculate -1 - ((1 - (-1 - 2)) + 3 + -16).
8
5 + 1 + 0 + 55 + (-34 - 45)
-18
Evaluate (9 - (22 - 4)) + 17 - -15.
23
What is the value of 2 + 3 - (-4 + 5) - (26 + -30)?
8
(-15 - (3 + -4)) + -37 + 67
16
Calculate 17 - (20 + -18 + 25).
-10
(59 - 80) + (-5 - -12)
-14
Evaluate (11 - (-15 - -38)) + (1 - (-2 + 28)).
-37
What is -62 - -44 - (-4 + 26)?
-40
Evaluate 2 + 0 + 0 + -2 + (-2799 - -2809).
10
Calculate 53 + -61 + (1 + -4 - -28).
17
Evaluate 4 + 7 + 2 - 26 - -35.
22
What is (-7 - -4 - 0 - -4) + 5 + -3?
3
Calculate -1 - 8 - (-75 + 67) - (-31 + 2).
28
What is the value of -11 + (13 - 14) - -14?
2
What is the value of (12 - (-11 + 6 + -1)) + -13?
5
Evaluate (-3 - -6 - 2) + (0 - (2 + 14)).
-15
Evaluate -16 - ((-18 - 3) + 8).
-3
What is the value of (-128 - -162) + (-15 - -4)?
23
Evaluate 1 - (-49 + (-32 - -64)).
18
Evaluate 19 + -56 + 30 - (-3 + 1 + 2).
-7
Evaluate -1 + (-9 + 0 - (-5 + 2)) + 9.
2
Evaluate -32 + (12 - (26 - 3) - -23).
-20
What is the value of 17 - 1 - (10 - (0 + 8 + -3))?
11
What is the value of 0 + (1 - -7) + (-16 + 38 - 31)?
-1
Calculate -19 + 23 - (-8 + 6).
6
What is 0 - 2 - (-15 + -9 + (12 - 15))?
25
What is the value of (9 + -5 - 1) + -1 - (1 - 5)?
6
Evaluate (-1 - 14 - -3) + 0 - -23.
11
What is the value of (1 + -1 - 3) + (22 - 5)?
14
What is the value of -17 - ((-1 - (10 + -12)) + -4)?
-14
What is -5 + -8 + 14 + -9?
-8
What is 13 + -3 + -8 + 1?
3
Calculate 7 + (-40 + 43 - (1 - 0)).
9
13 - (18 + (1 - 10))
4
Evaluate 9 - (-3 - -4) - -1 - (-88 - -91).
6
Evaluate -4 + (0 - -9 - (-3 - 0 - -5)).
3
Evaluate -3 - (6 + (4 - 1) + -3 + -3).
-6
Evaluate 14 + 2 - (1 - -31).
-16
Evaluate -3 + 6 - (-3 + -20 - (0 - 3)).
23
-1 + (-34 - (-5 + -28 - -16))
-18
(9 - 13) + -13 + (-4 - -8 - -2)
-11
What is (-26 - -8) + 29 - (0 - -21)?
-10
Evaluate -1 - 10 - (-4 + (17 - 6) + -2).
-16
What is the value of 21 - 14 - 12 - 6?
-11
Calculate (-31 + 26 - 1) + (-3 - 0).
-9
What is -36 - (-34 - (-29 - -43))?
12
What is the value of 4 - (4 - -7) - (-19 - 0)?
12
Evaluate -41 - (-17 + -29) - -11.
16
Evaluate -4 + -1 + (10 - 7) + 14 - 0.
12
Evaluate 9 + (-6 - 25) - -29.
7
What is -2 + 26 - 17 - 12 - (0 - 9)?
4
-10 + 11 + 2 + -10
-7
19 - (-15 + -14 + 10 - 1)
39
5 - 15 - (-19 - -1) - 9
-1
-16 + 19 + (22 - 11)
14
What is 0 + -1 + (-1810 - -1791)?
-20
Calculate -23 + 4 - 10 - -8.
-21
0 + (16 + -2 - -1 - (-15 - -18))
12
16 + -11 + 4 + 4 + -11
2
What is 1 + -37 - (-39 + 18 - -5)?
-20
(15 + -7 - 5) + 5 - (5 + 1)
2
What is 1 + -10 + 1 + 14 + -14?
-8
What is 27 + -1 - 3 - (-111 + 108)?
26
(-2 - 4) + (-1 - -10 - 9) + 4
-2
Evaluate 5 - (4 + -3) - (-2 - -4).
2
0 + 0 + 15 + (-66 - -54)
3
Calculate 20 + -1 + -61 + 50 + 9 + -1.
16
What is -4 + 1 + (2 + (-9 - -8) - 12)?
-14
What is the value of (-5 - 19 - -37) + -6?
7
What is the value of 8 + -20 + (-10 - (-2 - 4)) - -6?
-10
What is the value of 386 + -344 - (8 + 6 + -3)?
31
Calculate (0 + 0 - 1) + (61 - (138 + -72)).
-6
What is 3 + -10 + (-1 + -15 - -1 - 0)?
-22
Calculate (-13 - -8) + 5 + 2 + 0.
2
Evaluate (-15 + 2 - -16) + 2 + 2 + 18.
25
(8 + -5 + 1 + -16 - -9) + -11
-14
What is -10 - (14 + -15 - 22)?
13
Calculate (-12 - -38) + -19 - (2 + -2 - -1).
6
What is the value of -1 + -5 + -22 + 6 + -2 + -11?
-35
Calculate (38 - 13 - 29) + 1 + 25 + -4.
18
-1 - (-21 - (0 - 1))
19
Evaluate 1 + 4 + -167 + 158 + (1 - -7).
4
Evaluate -28 - (8 + -6 + -15).
-15
What is -2 + 13 + -2 - (17 + -6 + 2)?
-4
-138 - -122 - (1 - 5)
-12
Calculate -35 + 20 + (4 - 3).
-14
What is 7 + 3 + 2 + -9 + -4?
-1
Calculate (-6 - 0) + -20 + 12 + 2.
-12
Evaluate -11 - (12 + -32 - -11).
-2
Evaluate 8 + (-17 - (6 - 8) - (-5 - 2)).
0
1 - -12 - 23 - -10
0
What is the value of -14 + 21 + -10 + (0 - -1)?
-2
Calculate (-14 - -3) + -47 + 56 + 23.
21
What is (1 - 5) + 2 - -1?
-1
Calculate 3 + -11 + -10 + (38 - 6).
14
Evaluate (10 - (8 - -14)) + 14.
2
What is the value of (-34 - (-22 + 14 + -4)) + 8?
-14
Calculate 2 + 13 + -3 - -4.
16
Evaluate -16 + -8 + (21 - -1).
-2
Calculate (170 - 192) + 9 + (1 - -1).
-11
Calculate 7 - 26 - (2 - 8) - -5.
-8
Evaluate (8 - -1) + -181 + 175.
3
What is 33 - (35 + (-24 - -7))?
15
(6 - (-1 + 3)) + (-8 - (6 - 8))
-2
Evaluate -12 + (2 - -10 - 4).
-4
What is -8 - (6 - 20) - (31 - -2)?
-27
Evaluate -4 + 6 + -2 + (-2 - -5).
3
What is (2 - 10) + 2 - -2 - (1 + -1)?
-4
Evaluate 39 - (-12 + (31 - -22)).
-2
Calculate -5 + 12 - (15 + (-5 - -4 - -13)).
-20
-6 + 1 + 8 + -17 + 9
-5
Evaluate 2 - (-19 + 2) - (199 + -215).
35
What is the value of (27 - (7 + -9) - 5) + -10?
14
9 + -6 + -24 + 1 + (-50 - -52)
-18
What is the value of -2 - (-1 - (0 - 0)) - (72 - 96)?
23
Calculate (49 - 38) + (1 - 2 - (3 + 2)).
5
What is the value of -1087 + 1105 + -21 + -2 + 0?
-5
Evaluate -1 + -14 + (1410 - 1385).
10
What is (-3 - (-4 + 1)) + (-5 - -9) + -5?
-1
Calculate (9 + -6 - 5) + -1 + 6.
3
Evaluate -13 - (8 - (10 - (-1 + -1))).
-9
-32 + (4 - -18) + (6 - -1)
-3
What is 10 - (9 - (-3 - -7)) - (-15 - -3)?
17
3704 + -3720 - (0 + 10 + 2)
-28
What is the value of (-31 - -26) + (-2 - -6)?
-1
What is 326 + -350 - (-18 - 4)?
-2
What is the value of -33 - -2 - (-29 + -26 - -38)?
-14
What is the value of 20 - (-10 - (13 + -27 + -6))?
10
Evaluate (-324 - -312) + -1 + 21.
8
Evaluate (-3 - -2) + (-18 - -47) + -19.
9
Evaluate (-5 - 0) + (31 - (-4 + 21)).
9
-13 + 16 + -27 + 14
-10
Calculate 23 + -15 - (2 - (-4 + 2)) - 12.
-8
What is (-5 - 19) + 20 + (0 - 14)?
-18
Calculate -37 - ((-26 - 3) + 20).
-28
(2 - (-11 - 0)) + (-12 - -11 - 3)
9
9 + (0 - 6) + -6 - (4 - 1)
-6
3 + -1 + -4 - (-4 + (7 - -10))
-15
What is -3 - ((29 - 9) + -6 + (3 - -4))?
-24
Calculate 13 + 20 + -11 - 13.
9
What is the value of -4 + 10 + (37 - (-6 + 15))?
34
Evaluate (-4 - (7 + 8 + -28)) + -38.
-29
Evaluate -14 + 27 + -7 - (-4 - 2).
12
2 - (-8 + -8 + 11)
7
What is -10 - (-39 + 2 - -15)?
12
Calculate -1 + 15 - (2 + 4 + -1).
9
Evaluate 0 + 7 + 61 + (68 - 111).
25
-73 + 11 + 85 + (-6 - 1) + 1
17
Calculate -5 - (1 + (6 + 7 - 3)).
-16
(1 - 3) + 4 + -12 + 20
10
What is 0 - (-12 + 5) - (16 + -12) - -27?
30
(10 - (-7 - -11)) + 1 + -4
3
Calculate 9 + 17 + -33 - 9.
-16
What is -398 - -384 - (3 - 1)?
-16
What is 1 + 40 + 314 + -352?
3
What is -21 - (6 + 0 - (-27 - -33))?
-21
What is the value of -7 + 12 - (-11 - (-7 + 12 + -3))?
18
What is (-1 - -17 - (25 + -10 - 10)) + -1?
10
What is the value of 13 - (-2 + 10) - 8?
-3
What is the value of 27 + (15 - 31) + -4?
7
What is the value of 7 - 1 - (7 + -18 - -9)?
8
Evaluat